lue of 9 + -8 + 7 + -7?
1
What is the value of (-4 - 5 - -3) + 4?
-2
Calculate -2 - (-5 + 4 + -2 - 0).
1
What is the value of 1 + -5 + -1 + 3 + -3?
-5
Calculate -12 + 15 + -2 + (2 - 11).
-8
Evaluate (11 - 0) + (-173 - -166).
4
What is 7 - 2 - 13 - -7?
-1
Evaluate 8 + 2 + 2 + -7.
5
What is -3 - (-4 - 5 - -5)?
1
What is -4 - 0 - ((-20 - -12) + 3)?
1
Calculate 1 + -7 + (-6 - -12).
0
4 + -5 + 4 + (6 - 11)
-2
Calculate 0 + -7 + 9 + -4.
-2
What is 1 + 0 - (3 + -3)?
1
What is -5 + 2 + (7 - -1) + -1?
4
What is 5 - (7 + 0 + 4)?
-6
-5 + 3 + -4 + 2
-4
What is (2 - -1) + (-5 - -11) + -1?
8
What is (3 - 3) + (0 - -1) + 0?
1
Calculate 2 + -9 + 4 + 2 + 3.
2
Calculate -2 + 2 + 2 - (12 + -10).
0
6 + 0 + -8 + (-1 - 2)
-5
Evaluate -16 + 1 - (7 + -2 - 13).
-7
Calculate 3 + (-4 + 0 - -2) + -2.
-1
Calculate -1 + (1 - (2 - 0)) - 2.
-4
Evaluate -6 + 1 + 2 + -1 + 3.
-1
(6 - 2) + -5 - (-32 - -26)
5
What is 13 - (14 - 8) - 13?
-6
Evaluate 1 - 0 - ((11 - 3) + -2).
-5
Evaluate -8 + 1 - (30 - 43).
6
(-10 - -11) + 3 + 0
4
What is the value of (3 - (-1 + 11)) + 10?
3
8 - (2 + -2 + 5)
3
Calculate -2 - ((2 - 9) + -5) - 5.
5
What is 24 + -26 + (-3 + 13 - 1)?
7
What is 2 + 5 + -6 + -1?
0
Calculate 4 + (3 - (-1 - -5)).
3
6 + (2 - ((-6 - -24) + -4))
-6
Evaluate -18 - (-6 - 7) - 0.
-5
What is the value of (-1 - -1) + (-9 - 12) + 12?
-9
Calculate -22 + 20 - (-1 - -5) - 3.
-9
-2 + -2 + 1 + 3 + 6
6
Calculate 0 - (4 + -4 + 2 + -2).
0
What is 1 + 2 - (1 + -2 - 0)?
4
0 + (1 - 9) - (-20 - -17)
-5
What is -1 + 7 + (40 - 19) + -25?
2
Calculate (2 - 6) + (-2 - -3 - 0).
-3
(3 - 11) + (-7 - -15)
0
What is -10 + 12 + 6 + -10?
-2
5 - (-2 + (5 + -2 - -2))
2
338 + -344 + 0 + 0 + -2
-8
Evaluate -13 + 7 + -5 + 4.
-7
2 + (2 + 0 - 2)
2
Evaluate (7 - (21 + -10)) + 0 + 1.
-3
What is (4 - 1) + 7 + -12?
-2
Calculate 0 + -4 + (3 - 3) + 1.
-3
What is the value of (-1 - -4) + (-11 - -12) - 5?
-1
Evaluate (4 - (1 + -2)) + 1.
6
What is -6 + 13 - (-6 - -7)?
6
(1 + 1 - 0) + -3
-1
What is the value of 11 + -3 + -17 - -1?
-8
What is 45 - 49 - (1 + -1 + 0)?
-4
Evaluate (0 - -1) + -1 - (-2 + -2).
4
Evaluate (2 + -2 - 1) + 1 + -2.
-2
Calculate 11 + -2 + -2 + -3 + -6.
-2
What is 18 + -7 + 8 + -12?
7
Calculate (4 - ((4 - 2) + 1)) + 4.
5
What is the value of 5 - (9 + -7 - -7)?
-4
What is the value of (0 - (-5 + 3)) + -1 + 4?
5
What is the value of -8 + 11 - -3 - 4?
2
Evaluate -5 + (6 - 0) + -1.
0
Calculate 4 + -5 + -7 + 3 + 8.
3
(2 - (2 - 0)) + -1 + -4
-5
What is the value of (-4 - (-8 + 1)) + (2 - 0)?
5
Evaluate 1 + (-3 - 1) + 6 + -2.
1
Evaluate 3 + 9 + -5 + (0 - 15).
-8
What is the value of (7 - 1) + (2 - 4)?
4
(2 - 4) + 7 + 10 + -12
3
Evaluate 5 - (-6 + 8) - 2.
1
(1 + -1 - 2) + (15 - 13)
0
Evaluate 0 - 4 - (12 + -9 - -2).
-9
Calculate -1 + -1 + (-7 - -4).
-5
What is -1 + (-6 - -4) - (-1 - -2)?
-4
What is 6 + (3 + 1 - 4 - 4)?
2
What is the value of -3 + -4 - (-2 + 1 + -1)?
-5
Evaluate 5 + (-4 - -4) + 1.
6
What is 10 + 9 + -12 - -3?
10
Calculate -1 + -5 - (-7 + 2 + 5).
-6
What is 18 + -19 + -1 + 7?
5
8 - (9 - (2 - 6))
-5
What is the value of -1 + 1 - (-5 + 5 + 7)?
-7
Evaluate -1 + (8 - 3) + -1.
3
4 - (-4 - -3) - (-5 - -6)
4
What is -4 - ((-2 - -3) + 4 - 13)?
4
Evaluate 1 + -3 + -4 + (1 - 1).
-6
3 + 0 + 56 + -60 - -7
6
What is the value of (-6 - (-2 + 0)) + (6 - 6)?
-4
-17 + 12 + -7 - (-3 + -3)
-6
Calculate 0 + (2 - (-3 - -1)).
4
What is the value of -5 + (1 - -2) + 0?
-2
Calculate (0 - -2) + 0 + (-6 - -2).
-2
Calculate -16 + -7 + 18 - -3.
-2
What is 1 - (6 - 9 - -4 - 7)?
7
What is the value of -211 - -207 - (3 + 3 + -2)?
-8
Calculate 7 - (21 - 7) - -4.
-3
Evaluate 0 - (-1 + (10 + -3 - 3)).
-3
Evaluate (-1 - 2) + (-7 - -7).
-3
What is 24 + -26 - (0 - (1 - -1))?
0
7 + (16 - 12) - 10
1
Evaluate 2 - -2 - (-8 - -16).
-4
Calculate 4 + (0 - 0) - -1.
5
What is (2 + -23 - -11) + 3?
-7
Evaluate 4 + -9 + 3 + 1 + 7.
6
Calculate -10 + 3 + -7 + 9 + 4.
-1
What is 1 - (15 - (-6 + 15))?
-5
4 - (-5 + 0 - (-16 - -10))
3
Calculate -5 - (-1 - (0 + -1)).
-5
(-139 - -147) + (1 - 1)
8
4 - (2 - (-1 + -3))
-2
Evaluate 7 + -5 + (-2 - -4) + -2.
2
Evaluate 1 + 0 - 2 - (-15 + 18).
-4
What is the value of 4 - (-5 - -13 - 5)?
1
What is the value of 2 + 1 + 2 + 0 + -3?
2
Calculate 5 + -11 + 19 - 4.
9
What is the value of -2 + -4 + 1 + 0?
-5
Evaluate 2 + 1 + -5 + 7 + 0.
5
Evaluate (9 - (6 - 4)) + -1.
6
Evaluate (-2 - -4) + -8 + 2.
-4
3 + 3 + 22 + -23
5
What is the value of -16 - (3 + -3) - -8 - -9?
1
Calculate -1 - -7 - (-1 + (2 - -3)).
2
What is -4 - -3 - (8 + -4)?
-5
Calculate 0 + -2 + (-2 - (5 - 7)).
-2
(27 - 28 - (-2 + -1)) + -7
-5
What is the value of 9 + -6 + -1 + 8?
10
What is -4 - (0 + 2 + -3)?
-3
What is the value of -7 - -2 - (10 + -14)?
-1
What is the value of -3 - (6 - 4) - -1?
-4
Calculate -6 + (6 - 3 - 6).
-9
Evaluate (0 - -6) + -9 + 9.
6
What is the value of 7 + 1 - (4 - 0)?
4
Evaluate 3 + -8 - -4 - (0 - -8).
-9
What is 5 + (8 - 9) + -7?
-3
What is 3 + (-10 - -3) + (5 - -1)?
2
Evaluate (-5 - -5 - 3) + 11.
8
What is the value of 3 - (2 + (0 - 5))?
6
What is (-10 - -1) + 4 - (-2 - 11)?
8
Evaluate (0 + 1 + -8 - -4) + -2.
-5
What is 1 - (3 + -2) - (-5 + 1)?
4
Calculate -3 + 0 + (1 - (13 + -15)).
0
Evaluate -1 + -8 + 3 + -2 + 4.
-4
Evaluate 1 + 2 + (-21 - -19).
1
Calculate (2 - 0) + -10 + 6.
-2
What is 3 + -6 + -7 + 4?
-6
Calculate (-10 - -7) + (-2 - 0).
-5
Calculate (1 - 1) + -4 + 0.
-4
What is the value of (10 - (1 + 5)) + 0?
4
Calculate 1 + -8 + 9 + 4 + 2.
8
What is -10 + (14 - -3 - -3)?
10
What is -6 + (11 + 1 - -2)?
8
Calculate (1 - 5) + 7 + 0.
3
Calculate 4 - (8 + 3) - -12.
5
Evaluate 7 + -6 - (0 - (0 + -3)).
-2
What is 11 - 9 - ((-2 - -7) + -1)?
-2
What is 0 - (-2 - -7 - 0) - -6?
1
Evaluate 11 + -1 + -6 - 0.
4
What is the value of 0 + (1 - 4 - -6)?
3
(-11 - -6 - (0 + 0)) + -4
-9
Evaluate -1 - ((7 - 2) + -3) - -8.
5
What is 1 + (4 - 0) + -4?
1
What is -1 - 3 - (-1 + 9 + -15)?
3
Calculate 0 + 17 + -14 - (-1 + 6).
-2
(5 - 3) + (-3 - 1 - -2)
0
Evaluate 6 - (2 - (-3 - -4)).
5
Calculate (9 - 15) + 4 - -4.
2
Evaluate (1 - 0) + (-16 - (-12 - 0)).
-3
What is the value of (1 - 6) + (18 - 17) + -1?
-5
7 + 2 + -14 + 0
-5
What is 3 + 3 + -13 - (13 - 14)?
-6
What is -2 - 1 - (-2 + (2 - 6))?
3
3 + -10 + 4 - (-2 + 0)
-1
Calculate (0 - (-4 + (6 - 4))) + -6.
-4
(9 + 0 - 7) + 5 + -4
3
Calculate -7 + (7 - (-2 + 2)).
0
-17 + 3 - (-27 + 3)
10
What is 0 + 4 + 0 + -5 + 8?
7
What is -13 + 11 + -2 + -1?
-5
Evaluate (-15 - (-7 + -1)) + 9.
2
What is the value of 3 - ((3 - 3) + 1 + -2)?
4
9 + ((-2 - -2) + -2 - 1)
6
What is the value of -9 + 4 + -5 + 3 + 2?
-5
Evaluate -4 - -1 - (-3 + -1).
1
What is the value of -3 - (-14 + (7 - 1 - -1))?
4
5 + (2 - (-2 + 9 - 2))
2
What is the value of -11 - -3 - (-3 - (-9 + 8))?
-6
Calculate -4 + 27 + -11 + -7.
5
Calculate -6 + 0 - (200 + -207).
1
Evaluate 1 - (-9 + (4 - -7 - 7)).
6
Calculate (4 - -1) + -1 - 6.
-2
What is the value of (-1 - (-2 - 4)) + (-61 - -59)?
3
What is (-8 - (4 + 1 + -4)) + -1?
-10
What is the value of -3 + 5 + -5 + -2?
-5
What is (9 - (-10 + 6)) + -6?
7
Calculate 13 + -2 + -5 - 2.
4
(1 - 2) + -5 + 2 + 1
-3
What is the value of -1 + 7 + -5 + 5 + -2?
4
What is 3 - (4 - (1 + -7))?
-7
What is the value of 3 - (3 + 5 - (0 - -1))?
-4
Calculate -1 + 7 + 0 + -1 + -4.
1
Calculate 7 - (1 - 6 - -14).
-2
Calculate 3 + 0 - 3 - (0 + -3).
3
What is -12 + 1 + (43 - 32)?
0
Evaluate 4 - ((6 - 3) + -2) - 5.
-2
Calculate -8 + 13 + -7 + 1 + -2.
-3
What is 4 - 4 - (3 + 1 + 1)?
-5
What is -2 + 5 + -3 + 11 + -6?
5
8 + (-13 - (-13 + 11))
-3
(-4 - -13 - (6 + 1)) + 1
3
What is the value of -4 - (3 + -3 + -1 - 0)?
-3
(5 + -4 - 7) + 7
1
-6 - (-7 - -1) - (-18 - -14)
4
What is -5 + 4 + -2 + 3?
0
Calculate -7 - (6 + (5 - 23)).
5
What is the value of -1 - (1 + (3 - -1) + -12)?
6
What is 0 - -1 - 1 - (-28 - -32)?
-4
1 + -3 - (-1 + 3 + -4)
0
Calculate 3 + -4 + 3 + 3 + -2.
3
Calculate 1 + (2 - 6) + 3 + 3.
3
Calculate 2 - 1 - -4 - (-54 + 57).
2
What is the value of (2 - 1) + (2 - 1) + 2?
4
Evaluate (7 - 3 - 0) + 0.
4
What is (8 - 2 - -3) + -3?
6
(-2 - -1) + 58 + -62
-5
What is -15 + 10 - (-1 - 1)?
-3
Evaluate 5 + 2 + (1 + 4 - 11).
1
What is 2 + 1 - (-17 - -19)?
1
Evaluate -6 + 1 + 36 + -40 + 0.
-9
Calculate 2 - 4 - (0 + -1).
-1
Calculate 1 + (3 - (0 + 4)).
0
22 + -20 + -11 + 1 + 2
-6
(0 - -2) + -2 + (-14 - -7)
-7
Evaluate 2 + -2 - (7 - 10